{"id":177,"date":"2023-04-03T15:57:47","date_gmt":"2023-04-03T13:57:47","guid":{"rendered":"https:\/\/pckziu.pl\/?page_id=177"},"modified":"2023-05-04T11:04:57","modified_gmt":"2023-05-04T09:04:57","slug":"pracownik-pomocniczy-obslugi-hotelowej","status":"publish","type":"page","link":"https:\/\/pckziu.pl\/?page_id=177","title":{"rendered":"Pracownik pomocniczy obs\u0142ugi hotelowej"},"content":{"rendered":"\n<p>Pracownik pomocniczy obs\u0142ugi hotelowej wsp\u00f3\u0142pracuje ze strukturami hotelu odpowiedzialnymi za obs\u0142ug\u0119 go\u015bcia hotelowego oraz zajmuj\u0105cymi si\u0119 utrzymaniem hotelu w czysto\u015bci i dobrym stanie technicznym.<\/p>\n\n\n\n<p>Pracownik pomocniczy obs\u0142ugi hotelowej mo\u017ce podejmowa\u0107 prac\u0119 w r\u00f3\u017cnego rodzaju obiektach hotelowych (hotele, pensjonaty, motele, domy wycieczkowe, kempingi). Pracownik pomocniczy obs\u0142ugi hotelowej wsp\u00f3\u0142pracuje ze strukturami hotelu odpowiedzialnymi za obs\u0142ug\u0119 go\u015bcia hotelowego oraz zajmuj\u0105cymi si\u0119 utrzymaniem hotelu w czysto\u015bci i dobrym stanie technicznym. Pracownicy pomocniczy, w strukturze organizacyjnej, najcz\u0119\u015bciej podlegaj\u0105 pracownikom s\u0142u\u017cby pi\u0119ter, pracownikom recepcji oraz pracownikom technicznym.<\/p>\n\n\n\n<figure class=\"wp-block-gallery has-nested-images columns-default is-cropped wp-block-gallery-1 is-layout-flex wp-block-gallery-is-layout-flex\">\n<figure class=\"wp-block-image size-large\"><img loading=\"lazy\" decoding=\"async\" width=\"960\" height=\"682\" data-id=\"295\" src=\"https:\/\/pckziu.pl\/wp-content\/uploads\/2023\/05\/hot1.jpg\" alt=\"\" class=\"wp-image-295\" srcset=\"https:\/\/pckziu.pl\/wp-content\/uploads\/2023\/05\/hot1.jpg 960w, https:\/\/pckziu.pl\/wp-content\/uploads\/2023\/05\/hot1-300x213.jpg 300w, https:\/\/pckziu.pl\/wp-content\/uploads\/2023\/05\/hot1-768x546.jpg 768w, https:\/\/pckziu.pl\/wp-content\/uploads\/2023\/05\/hot1-624x443.jpg 624w\" sizes=\"auto, (max-width: 960px) 100vw, 960px\" \/><\/figure>\n\n\n\n<figure class=\"wp-block-image size-large\"><img loading=\"lazy\" decoding=\"async\" width=\"1024\" height=\"768\" data-id=\"296\" src=\"https:\/\/pckziu.pl\/wp-content\/uploads\/2023\/05\/hot2-1024x768.jpg\" alt=\"\" class=\"wp-image-296\" srcset=\"https:\/\/pckziu.pl\/wp-content\/uploads\/2023\/05\/hot2-1024x768.jpg 1024w, https:\/\/pckziu.pl\/wp-content\/uploads\/2023\/05\/hot2-300x225.jpg 300w, https:\/\/pckziu.pl\/wp-content\/uploads\/2023\/05\/hot2-768x576.jpg 768w, https:\/\/pckziu.pl\/wp-content\/uploads\/2023\/05\/hot2-1536x1152.jpg 1536w, https:\/\/pckziu.pl\/wp-content\/uploads\/2023\/05\/hot2-624x468.jpg 624w, https:\/\/pckziu.pl\/wp-content\/uploads\/2023\/05\/hot2.jpg 2048w\" sizes=\"auto, (max-width: 1024px) 100vw, 1024px\" \/><\/figure>\n<\/figure>\n\n\n\n<p>Zakres obowi\u0105zk\u00f3w pracownika pomocniczego obs\u0142ugi hotelowej zale\u017cny jest od: typu obiektu hotelowego, standardu hotelu (ilo\u015bci gwiazdek, wewn\u0119trznych procedur obs\u0142ugi go\u015bcia hotelowego, stosowanych w danym hotelu lub sieci hotelarskiej) struktury organizacyjnej przedsi\u0119biorstwa (nie wszystkie, wymienione wcze\u015bniej, dzia\u0142y wyst\u0119puj\u0105 we wszystkich hotelach) wielko\u015bci obiektu hotelowego (liczby pokoi, sal konferencyjnych, ilo\u015bci dodatkowych pomieszcze\u0144 takich jak basen, si\u0142ownia, sauna).<\/p>\n\n\n\n<figure class=\"wp-block-image size-large\"><img loading=\"lazy\" decoding=\"async\" width=\"768\" height=\"1024\" src=\"https:\/\/pckziu.pl\/wp-content\/uploads\/2023\/05\/hot3-768x1024.jpg\" alt=\"\" class=\"wp-image-297\" srcset=\"https:\/\/pckziu.pl\/wp-content\/uploads\/2023\/05\/hot3-768x1024.jpg 768w, https:\/\/pckziu.pl\/wp-content\/uploads\/2023\/05\/hot3-225x300.jpg 225w, https:\/\/pckziu.pl\/wp-content\/uploads\/2023\/05\/hot3-1152x1536.jpg 1152w, https:\/\/pckziu.pl\/wp-content\/uploads\/2023\/05\/hot3-624x832.jpg 624w, https:\/\/pckziu.pl\/wp-content\/uploads\/2023\/05\/hot3.jpg 1536w\" sizes=\"auto, (max-width: 768px) 100vw, 768px\" \/><\/figure>\n","protected":false},"excerpt":{"rendered":"<p>Pracownik pomocniczy obs\u0142ugi hotelowej wsp\u00f3\u0142pracuje ze strukturami hotelu odpowiedzialnymi za obs\u0142ug\u0119 go\u015bcia hotelowego oraz zajmuj\u0105cymi si\u0119 utrzymaniem hotelu w czysto\u015bci i dobrym stanie technicznym. Pracownik pomocniczy obs\u0142ugi hotelowej mo\u017ce podejmowa\u0107 prac\u0119 w r\u00f3\u017cnego rodzaju obiektach hotelowych (hotele, pensjonaty, motele, domy wycieczkowe, kempingi). Pracownik pomocniczy obs\u0142ugi hotelowej wsp\u00f3\u0142pracuje ze strukturami hotelu odpowiedzialnymi za obs\u0142ug\u0119 go\u015bcia hotelowego [&hellip;]<\/p>\n","protected":false},"author":1,"featured_media":0,"parent":0,"menu_order":0,"comment_status":"closed","ping_status":"closed","template":"","meta":{"footnotes":""},"class_list":["post-177","page","type-page","status-publish","hentry"],"_links":{"self":[{"href":"https:\/\/pckziu.pl\/index.php?rest_route=\/wp\/v2\/pages\/177","targetHints":{"allow":["GET"]}}],"collection":[{"href":"https:\/\/pckziu.pl\/index.php?rest_route=\/wp\/v2\/pages"}],"about":[{"href":"https:\/\/pckziu.pl\/index.php?rest_route=\/wp\/v2\/types\/page"}],"author":[{"embeddable":true,"href":"https:\/\/pckziu.pl\/index.php?rest_route=\/wp\/v2\/users\/1"}],"replies":[{"embeddable":true,"href":"https:\/\/pckziu.pl\/index.php?rest_route=%2Fwp%2Fv2%2Fcomments&post=177"}],"version-history":[{"count":3,"href":"https:\/\/pckziu.pl\/index.php?rest_route=\/wp\/v2\/pages\/177\/revisions"}],"predecessor-version":[{"id":299,"href":"https:\/\/pckziu.pl\/index.php?rest_route=\/wp\/v2\/pages\/177\/revisions\/299"}],"wp:attachment":[{"href":"https:\/\/pckziu.pl\/index.php?rest_route=%2Fwp%2Fv2%2Fmedia&parent=177"}],"curies":[{"name":"wp","href":"https:\/\/api.w.org\/{rel}","templated":true}]}}