{"id":165,"date":"2023-04-03T15:53:20","date_gmt":"2023-04-03T13:53:20","guid":{"rendered":"https:\/\/pckziu.pl\/?page_id=165"},"modified":"2023-05-04T10:27:14","modified_gmt":"2023-05-04T08:27:14","slug":"kucharz","status":"publish","type":"page","link":"https:\/\/pckziu.pl\/?page_id=165","title":{"rendered":"Kucharz"},"content":{"rendered":"\n<p>Kucharz jest osob\u0105 zawodowo zajmuj\u0105c\u0105 si\u0119 przygotowywaniem potraw pochodz\u0105cych z r\u00f3\u017cnych stron \u015bwiata, jak r\u00f3wnie\u017c da\u0144 dostosowanych do indywidualnych okoliczno\u015bci i wymaga\u0144 klient\u00f3w. Posiada wiedz\u0119 odno\u015bnie r\u00f3\u017cnych kultur kulinarnych, w\u0142a\u015bciwego stosowania produkt\u00f3w spo\u017cywczych, odpowiedniego \u0142\u0105czenia sk\u0142adnik\u00f3w, jak r\u00f3wnie\u017c stosownego serwowania potraw, deser\u00f3w, napoj\u00f3w i dodatk\u00f3w.<\/p>\n\n\n\n<figure class=\"wp-block-gallery has-nested-images columns-default is-cropped wp-block-gallery-1 is-layout-flex wp-block-gallery-is-layout-flex\">\n<figure class=\"wp-block-image size-large\"><img loading=\"lazy\" decoding=\"async\" width=\"819\" height=\"1024\" data-id=\"278\" src=\"https:\/\/pckziu.pl\/wp-content\/uploads\/2023\/05\/kuch3-819x1024.jpg\" alt=\"\" class=\"wp-image-278\" srcset=\"https:\/\/pckziu.pl\/wp-content\/uploads\/2023\/05\/kuch3-819x1024.jpg 819w, https:\/\/pckziu.pl\/wp-content\/uploads\/2023\/05\/kuch3-240x300.jpg 240w, https:\/\/pckziu.pl\/wp-content\/uploads\/2023\/05\/kuch3-768x960.jpg 768w, https:\/\/pckziu.pl\/wp-content\/uploads\/2023\/05\/kuch3-1229x1536.jpg 1229w, https:\/\/pckziu.pl\/wp-content\/uploads\/2023\/05\/kuch3-624x780.jpg 624w, https:\/\/pckziu.pl\/wp-content\/uploads\/2023\/05\/kuch3.jpg 1638w\" sizes=\"auto, (max-width: 819px) 100vw, 819px\" \/><\/figure>\n\n\n\n<figure class=\"wp-block-image size-large\"><img loading=\"lazy\" decoding=\"async\" width=\"1024\" height=\"594\" data-id=\"279\" src=\"https:\/\/pckziu.pl\/wp-content\/uploads\/2023\/05\/kuch4-1024x594.jpg\" alt=\"\" class=\"wp-image-279\" srcset=\"https:\/\/pckziu.pl\/wp-content\/uploads\/2023\/05\/kuch4-1024x594.jpg 1024w, https:\/\/pckziu.pl\/wp-content\/uploads\/2023\/05\/kuch4-300x174.jpg 300w, https:\/\/pckziu.pl\/wp-content\/uploads\/2023\/05\/kuch4-768x446.jpg 768w, https:\/\/pckziu.pl\/wp-content\/uploads\/2023\/05\/kuch4-1536x891.jpg 1536w, https:\/\/pckziu.pl\/wp-content\/uploads\/2023\/05\/kuch4-624x362.jpg 624w, https:\/\/pckziu.pl\/wp-content\/uploads\/2023\/05\/kuch4.jpg 2048w\" sizes=\"auto, (max-width: 1024px) 100vw, 1024px\" \/><\/figure>\n<\/figure>\n\n\n\n<p><\/p>\n\n\n\n<p>Poza samym przygotowywaniem da\u0144, do kucharza nale\u017cy podanie ich w jak najbardziej atrakcyjnej i wyszukanej formie. Niejednokrotnie do niego nale\u017cy r\u00f3wnie\u017c udekorowanie sto\u0142u. Do obowi\u0105zk\u00f3w kucharza nale\u017cy tak\u017ce dbanie o wyb\u00f3r sk\u0142adnik\u00f3w najlepszej jako\u015bci, w\u0142a\u015bciwe przechowywanie produkt\u00f3w, dbanie o nale\u017cyt\u0105 konserwacj\u0119 wszelkich urz\u0105dze\u0144 kuchennych. Sprawuje on nadz\u00f3r nad prac\u0105 w kuchni, aby przebiega\u0142a zgodnie z wymogami sanitarnymi i BHP. W gestii kucharza znajduje si\u0119 r\u00f3wnie\u017c uk\u0142adanie menu oraz zarz\u0105dzanie wydatkami na produkty spo\u017cywcze.<\/p>\n\n\n\n<p><br>Jest to zaw\u00f3d dla os\u00f3b z powo\u0142aniem, trudno bowiem osi\u0105gn\u0105\u0107 dobre rezultaty nie posiadaj\u0105c talentu kulinarnego i nie podchodz\u0105c do tego zaj\u0119cia z prawdziw\u0105 pasj\u0105.<\/p>\n\n\n\n<figure class=\"wp-block-gallery has-nested-images columns-default is-cropped wp-block-gallery-2 is-layout-flex wp-block-gallery-is-layout-flex\">\n<figure class=\"wp-block-image size-large\"><img loading=\"lazy\" decoding=\"async\" width=\"768\" height=\"1024\" data-id=\"281\" src=\"https:\/\/pckziu.pl\/wp-content\/uploads\/2023\/05\/kuch5-768x1024.jpg\" alt=\"\" class=\"wp-image-281\" srcset=\"https:\/\/pckziu.pl\/wp-content\/uploads\/2023\/05\/kuch5-768x1024.jpg 768w, https:\/\/pckziu.pl\/wp-content\/uploads\/2023\/05\/kuch5-225x300.jpg 225w, https:\/\/pckziu.pl\/wp-content\/uploads\/2023\/05\/kuch5-1152x1536.jpg 1152w, https:\/\/pckziu.pl\/wp-content\/uploads\/2023\/05\/kuch5-624x832.jpg 624w, https:\/\/pckziu.pl\/wp-content\/uploads\/2023\/05\/kuch5.jpg 1536w\" sizes=\"auto, (max-width: 768px) 100vw, 768px\" \/><\/figure>\n\n\n\n<figure class=\"wp-block-image size-large\"><img loading=\"lazy\" decoding=\"async\" width=\"1024\" height=\"768\" data-id=\"282\" src=\"https:\/\/pckziu.pl\/wp-content\/uploads\/2023\/05\/kuch6-1024x768.jpg\" alt=\"\" class=\"wp-image-282\" srcset=\"https:\/\/pckziu.pl\/wp-content\/uploads\/2023\/05\/kuch6-1024x768.jpg 1024w, https:\/\/pckziu.pl\/wp-content\/uploads\/2023\/05\/kuch6-300x225.jpg 300w, https:\/\/pckziu.pl\/wp-content\/uploads\/2023\/05\/kuch6-768x576.jpg 768w, https:\/\/pckziu.pl\/wp-content\/uploads\/2023\/05\/kuch6-1536x1152.jpg 1536w, https:\/\/pckziu.pl\/wp-content\/uploads\/2023\/05\/kuch6-624x468.jpg 624w, https:\/\/pckziu.pl\/wp-content\/uploads\/2023\/05\/kuch6.jpg 2048w\" sizes=\"auto, (max-width: 1024px) 100vw, 1024px\" \/><\/figure>\n<\/figure>\n\n\n\n<p>Poza obowi\u0105zkowym wyczuciem smaku od kandydata na kucharza oczekuje si\u0119 bogatej wyobra\u017ani i pomys\u0142owo\u015bci odnosi si\u0119 to zar\u00f3wno do umiej\u0119tno\u015bci wymy\u015blania i tworzenia nowych potraw, ich modyfikowania, jak r\u00f3wnie\u017c nowatorskiego dekorowania. Wizualna strona potrawy niejednokrotnie ma ogromny wp\u0142yw na jej ocen\u0119, a coraz cz\u0119\u015bciej wymaga si\u0119 od kucharzy, \u017ce serwowane dania b\u0119d\u0105 wygl\u0105da\u0107 jak dzie\u0142a sztuki.<\/p>\n\n\n\n<p>Miejscem pracy dla kucharza mog\u0105 by\u0107 restauracje, hotele, publiczne miejsca \u017cywienia, sto\u0142\u00f3wki, o\u015brodki wypoczynkowe, pok\u0142ady statk\u00f3w. Mo\u017cna tak\u017ce zaj\u0105\u0107 si\u0119 dzia\u0142alno\u015bci\u0105 cateringow\u0105 i obs\u0142ugiwa\u0107 prywatne imprezy.<\/p>\n\n\n\n<figure class=\"wp-block-image size-large\"><img loading=\"lazy\" decoding=\"async\" width=\"1024\" height=\"754\" src=\"https:\/\/pckziu.pl\/wp-content\/uploads\/2023\/05\/kuch1-1024x754.jpg\" alt=\"\" class=\"wp-image-277\" srcset=\"https:\/\/pckziu.pl\/wp-content\/uploads\/2023\/05\/kuch1-1024x754.jpg 1024w, https:\/\/pckziu.pl\/wp-content\/uploads\/2023\/05\/kuch1-300x221.jpg 300w, https:\/\/pckziu.pl\/wp-content\/uploads\/2023\/05\/kuch1-768x566.jpg 768w, https:\/\/pckziu.pl\/wp-content\/uploads\/2023\/05\/kuch1-1536x1131.jpg 1536w, https:\/\/pckziu.pl\/wp-content\/uploads\/2023\/05\/kuch1-624x459.jpg 624w, https:\/\/pckziu.pl\/wp-content\/uploads\/2023\/05\/kuch1.jpg 2048w\" sizes=\"auto, (max-width: 1024px) 100vw, 1024px\" \/><\/figure>\n","protected":false},"excerpt":{"rendered":"<p>Kucharz jest osob\u0105 zawodowo zajmuj\u0105c\u0105 si\u0119 przygotowywaniem potraw pochodz\u0105cych z r\u00f3\u017cnych stron \u015bwiata, jak r\u00f3wnie\u017c da\u0144 dostosowanych do indywidualnych okoliczno\u015bci i wymaga\u0144 klient\u00f3w. Posiada wiedz\u0119 odno\u015bnie r\u00f3\u017cnych kultur kulinarnych, w\u0142a\u015bciwego stosowania produkt\u00f3w spo\u017cywczych, odpowiedniego \u0142\u0105czenia sk\u0142adnik\u00f3w, jak r\u00f3wnie\u017c stosownego serwowania potraw, deser\u00f3w, napoj\u00f3w i dodatk\u00f3w. Poza samym przygotowywaniem da\u0144, do kucharza nale\u017cy podanie ich w [&hellip;]<\/p>\n","protected":false},"author":1,"featured_media":0,"parent":0,"menu_order":0,"comment_status":"closed","ping_status":"closed","template":"","meta":{"footnotes":""},"class_list":["post-165","page","type-page","status-publish","hentry"],"_links":{"self":[{"href":"https:\/\/pckziu.pl\/index.php?rest_route=\/wp\/v2\/pages\/165","targetHints":{"allow":["GET"]}}],"collection":[{"href":"https:\/\/pckziu.pl\/index.php?rest_route=\/wp\/v2\/pages"}],"about":[{"href":"https:\/\/pckziu.pl\/index.php?rest_route=\/wp\/v2\/types\/page"}],"author":[{"embeddable":true,"href":"https:\/\/pckziu.pl\/index.php?rest_route=\/wp\/v2\/users\/1"}],"replies":[{"embeddable":true,"href":"https:\/\/pckziu.pl\/index.php?rest_route=%2Fwp%2Fv2%2Fcomments&post=165"}],"version-history":[{"count":3,"href":"https:\/\/pckziu.pl\/index.php?rest_route=\/wp\/v2\/pages\/165\/revisions"}],"predecessor-version":[{"id":283,"href":"https:\/\/pckziu.pl\/index.php?rest_route=\/wp\/v2\/pages\/165\/revisions\/283"}],"wp:attachment":[{"href":"https:\/\/pckziu.pl\/index.php?rest_route=%2Fwp%2Fv2%2Fmedia&parent=165"}],"curies":[{"name":"wp","href":"https:\/\/api.w.org\/{rel}","templated":true}]}}